actors of c?
2, 17
Suppose 2*f + 13*f - 255 = 0. What are the prime factors of f?
17
Let s = 27 - 25. List the prime factors of s*(-111)/12*-2.
37
Suppose -12 = -6*j + 7*j. Let h be 40*(3 - (-81)/j). What are the prime factors of ((-2)/3)/(4/h)?
5
What are the prime factors of ((-18320)/(-120))/((-1)/(-3))?
2, 229
Let w = -15 - -17. Suppose 0 = 6*y - w*y - 168. What are the prime factors of y?
2, 3, 7
Suppose -6*m + 8*m = -50. Suppose -4*l - a + 159 = 0, -5 + 11 = 2*a. Let x = m + l. What are the prime factors of x?
2, 7
Suppose d = 6*d + 3*z - 4666, 0 = d - 4*z - 924. List the prime factors of d.
2, 233
Let d = -42 - -23. Let h = 13 - 9. What are the prime factors of ((-1 - 4) + h)*d?
19
Let w(b) = -b**3 - 5*b**2 + 67*b + 9. List the prime factors of w(-12).
3, 71
Suppose 10*a = 1986 + 324. What are the prime factors of a?
3, 7, 11
Let t = 7357 + -3525. List the prime factors of t.
2, 479
Suppose -5*r = -u + 132, -2*u + r = -46 - 218. List the prime factors of u.
2, 3, 11
Suppose -5*w + 19399 = 6719. What are the prime factors of w?
2, 317
Let r = 845 - 473. What are the prime factors of r?
2, 3, 31
Suppose -38*k = -6522 - 12136. What are the prime factors of k?
491
Let a(z) = 16*z**2 + 2*z - 197. List the prime factors of a(-14).
41, 71
Suppose 0 = -4*d - 4*h + 1918 + 4038, 9 = -3*h. List the prime factors of d.
2, 373
Suppose 12 = 3*g + 3. Suppose 0 = g*k + 2*k + 2*s - 157, 2*k + s - 63 = 0. List the prime factors of k.
31
Let j = 527 + 226. What are the prime factors of j?
3, 251
Let x(j) = j**3 - 3*j**2 - 4*j + 3. Let f be x(4). Let r(h) = 13*h + 9. What are the prime factors of r(f)?
2, 3
Suppose 3*d + 3 = 0, -5*r + 5*d + 11910 = 10*d. What are the prime factors of r?
2383
Let j be 5 + 2/(-4) + 2/(-4). List the prime factors of 1365/12 - (-1)/j.
2, 3, 19
Let q(s) = s + 1. Let l(u) = u**2 + 4*u - 5. Let j(w) = l(w) + 2*q(w). Let b be j(-5). Let c(g) = -g**2 - 10*g - 2. List the prime factors of c(b).
2, 7
Suppose 0 = -3*y + 7*w - 4*w + 756, 510 = 2*y - 5*w. What are the prime factors of y?
2, 5
Let o be (15/(-20))/(6/(-16)). Suppose 7*n - o*n - 30 = 0. Suppose -2*x - 4*z = -32, z = -n*x + 3*x + 53. List the prime factors of x.
2, 3
Let a(n) = -n - 11. Let q be a(-11). Suppose q = -20*f + 24*f - 8. List the prime factors of (-9)/f*(-196)/42.
3, 7
Let r(s) = s**2 + 3*s - 6. Let p be r(9). Suppose 4*l + p = 250. What are the prime factors of l?
37
Suppose 6 = 5*r + 21. Let v(z) be the third derivative of -z**6/120 + z**5/30 - 5*z**4/24 - z**3 + 36*z**2 - 2*z. List the prime factors of v(r).
2, 3
Let b be (-64)/(-28) + (-2)/7. Let s(o) = 5*o**2 + o**b - 7*o**2 - 5*o + 5 + o**3. What are the prime factors of s(4)?
3, 11
Suppose 0 = -m - 5*g + 940, 0 = -5*m - g + 1351 + 3301. List the prime factors of m.
2, 3, 5, 31
Let l be (6/(-9))/((-2)/66). Let b = 2 + l. What are the prime factors of b?
2, 3
Suppose 496*w + 3736 = 504*w. What are the prime factors of w?
467
List the prime factors of 14490/(-28)*(-4)/5.
2, 3, 23
Suppose 17*x = 3596 + 2949. What are the prime factors of x?
5, 7, 11
Suppose -6*f = -2*f. Suppose f = 4*i - 33 - 59. List the prime factors of i.
23
Let a(i) = 20*i**2 + i - 12. List the prime factors of a(-7).
31
Let t(l) = -3*l**3 - l**2 - l + 1. Let v be t(1). Let c(m) = -m**2. Let g(q) = -4*q**2 + q - 3. Let b(o) = 3*c(o) - g(o). List the prime factors of b(v).
23
Let z be 1/3 - (-35)/21. Let x(s) = -6*s**2 + 15*s + 8. Let u(i) = -3*i**2 + 7*i + 4. Let h(v) = z*x(v) - 5*u(v). What are the prime factors of h(4)?
2, 3
Let z = 299 - -193. Suppose -5*p = -808 - z. What are the prime factors of p?
2, 5, 13
Suppose 6 = 4*v - 2. Suppose -g - 5 = j - v*g, g = -j + 5. Suppose j*t = -4*t + 116. List the prime factors of t.
29
Suppose -42 = -2*w - 2*z, z + 1 + 0 = 0. Let g = w + 22. List the prime factors of g.
2, 11
Suppose 2*h - 5 - 1 = 0. Suppose -85 = -3*v + 5*w, -2*w + 30 - 100 = -h*v. What are the prime factors of v?
2, 5
Suppose -295 + 53 = -22*x. Let l be (-4)/14 + (-24)/14. Let b = l + x. List the prime factors of b.
3
Let q be 26/2*(9/(-3) + 4). Let f(w) = -w**2 + 8*w - 6. Let x be f(6). Let n = x + q. What are the prime factors of n?
19
Let c(k) = 9*k + 2. Let a be c(-6). List the prime factors of (4 - a/8)*8.
2, 3, 7
Suppose 90 = 2*g + 6. List the prime factors of 90/(-12)*g/(-9).
5, 7
Suppose -x + 2081 = -5*p, 4*x - 5025 = -3*p + 3345. What are the prime factors of x?
3, 17, 41
Suppose -4*b = 2*n - 14498, 0 = 4*b + 3*n + 5236 - 19729. List the prime factors of b.
3, 13, 31
Let k(w) be the first derivative of -1417*w**2 + 4*w + 6. Let i be k(-1). What are the prime factors of i/55 + (-2)/(-5)?
2, 13
Let a(j) = -j**3 + 11*j**2 - 12*j - 29. Let w be a(10). What are the prime factors of ((-1)/(-3))/(21/(-189)) - w?
2, 23
What are the prime factors of (-14)/(-4)*2/7*438?
2, 3, 73
Let r(u) = 543*u + 241. List the prime factors of r(3).
2, 5, 11, 17
Let b(h) = 22. Let o(w) = -w. Let j(m) = b(m) - o(m). Suppose -4*d + a - 37 = 0, 4*d - d + 44 = 4*a. List the prime factors of j(d).
2, 7
Let m be (2 - (-2 + 3))*15. Suppose -20 = -5*y + m. Suppose -4*i + 35 - y = 0. List the prime factors of i.
7
Suppose -4*j + 2 = -2*j + f, f = 3*j - 8. Let a = j - -21. List the prime factors of a.
23
Let j(w) = -74*w. Let k be j(-5). Suppose 5*f + 4*y = k, -f + 3*y = 3*f - 296. What are the prime factors of f?
2, 37
What are the prime factors of 3243/12 - (-1)/(-4)?
2, 3, 5
Let p = -23 - -31. Let g(s) = -s**2 + 12*s + 11. What are the prime factors of g(p)?
43
Let r be 504/3*((-12)/8 + 0). Let s = 396 + r. What are the prime factors of s?
2, 3
Suppose 3*k = 6*p - 2*p + 28, -3*p = -4*k + 42. Suppose -3*m - 1467 = -k*m. What are the prime factors of m?
163
Let u(q) = -65*q - 29. What are the prime factors of u(-9)?
2, 139
Let z(n) = -n**3 + 3*n**2 - 15*n - 2. What are the prime factors of z(-7)?
593
Suppose -7*h = -5*h. Let a(v) = v**3 + v**2 - 2*v + 93. List the prime factors of a(h).
3, 31
Suppose -12*n + 539 = -4009. What are the prime factors of n?
379
Suppose 16*h + 5421 = 15213. What are the prime factors of h?
2, 3, 17
Let m be -17 + -3 + 5 + -1. Let u = 20 + m. Suppose x + 3*c = -0*x, -u = 2*c. List the prime factors of x.
2, 3
Let i = -1137 + 1802. List the prime factors of i.
5, 7, 19
Let i = -9 - 29. Let f = -27 - i. Suppose y = -4*j + f + 3, -5*y = 2*j - 124. What are the prime factors of y?
2, 13
Let q = 26 - 19. Let m(y) = -3*y + 18. Let j(x) = -5*x + 37. Let s(k) = 3*j(k) - 7*m(k). What are the prime factors of s(q)?
3
Suppose i - 3*i + 4 = 0. Let o(n) = 3 - i - 5*n - 13*n + 2*n. What are the prime factors of o(-3)?
7
Suppose -2*m - 3753 = -n, 5 = -14*m + 13*m. What are the prime factors of n?
19, 197
Suppose -4*o + 2027 = o - f, 2035 = 5*o - 5*f. List the prime factors of o.
3, 5
Suppose -7*a = -5*y - 3*a + 2153, 5*a + 2150 = 5*y. What are the prime factors of y?
433
Let w = -12 + 15. Let l be (-17)/(4 + w + -6). Let n = l + 28. List the prime factors of n.
11
What are the prime factors of (-204)/((-65)/26 + 2*1)?
2, 3, 17
Suppose 281 = d + 5*g - 929, -5*g = -4*d + 4890. What are the prime factors of d?
2, 5, 61
Let w(u) be the first derivative of -u**2/2 - 4*u - 5. Let m be w(7). Let n(a) = a**2 + 10*a + 14. List the prime factors of n(m).
5
Suppose 4*a + 13 = v - 12, 0 = -3*a. Suppose 5*i - 88 - 52 = w, -5*w + v = 0. List the prime factors of i.
29
Let s = 1235 + -733. List the prime factors of s.
2, 251
Suppose 9 = -22*r + 25*r. Suppose -r*v + 66 = -5*m - 124, m - 215 = -4*v. List the prime factors of v.
5, 11
Suppose -2*y + 5*y - 3*g = 1005, -4*g = 2*y - 652. Suppose -4*i - y = -0*i. Let m = -57 - i. List the prime factors of m.
2, 13
Let f = -75 - -731. List the prime factors of f.
2, 41
Suppose -4235 = -4*w + 3*o, w = 3*w + 4*o - 2090. What are the prime factors of w?
5, 211
Let v = -164 - -322. Suppose -i + 4*n = -v, 0 = 3*i + 5*n - 9*n - 482. List the prime factors of i.
2, 3
Let o(i) = -i**2 + 9*i - 19. Let t(h) = -1. Let k(l) = -o(l) - 2*t(l). List the prime factors of k(14).
7, 13
List the prime factors of 1 - (-16)/(-14) - 124998/(-581).
5, 43
Suppose 3*x - 1264 = -19. List the prime factors of x.
5, 83
Let s = 944 + -275. What are the prime factors of s?
3, 223
Let s(z) = -z**2 + 5*z + 5. Let v(d) = d**2 + 9*d - 5. Let 